{"id":650,"date":"2022-01-27T09:34:02","date_gmt":"2022-01-27T09:34:02","guid":{"rendered":"https:\/\/valeriabritos.com\/?page_id=650"},"modified":"2025-02-18T10:29:54","modified_gmt":"2025-02-18T10:29:54","slug":"home","status":"publish","type":"page","link":"https:\/\/valeriabritos.com\/","title":{"rendered":"Inicio"},"content":{"rendered":"\n<div class=\"wp-block-uagb-container uagb-block-468e164d alignfull uagb-is-root-container\"><div class=\"uagb-container-inner-blocks-wrap\">\n<figure class=\"wp-block-image size-full is-resized\"><img loading=\"lazy\" decoding=\"async\" width=\"970\" height=\"250\" src=\"https:\/\/valeriabritos.com\/wp-content\/uploads\/2023\/12\/VALEria-Britos-1.png\" alt=\"\" class=\"wp-image-1527\" style=\"width:1205px;height:auto\" srcset=\"https:\/\/valeriabritos.com\/wp-content\/uploads\/2023\/12\/VALEria-Britos-1.png 970w, https:\/\/valeriabritos.com\/wp-content\/uploads\/2023\/12\/VALEria-Britos-1-300x77.png 300w, https:\/\/valeriabritos.com\/wp-content\/uploads\/2023\/12\/VALEria-Britos-1-768x198.png 768w\" sizes=\"auto, (max-width: 970px) 100vw, 970px\" \/><\/figure>\n<\/div><\/div>\n\n\n\n<div class=\"wp-block-uagb-container uagb-block-d3832ffb alignfull uagb-is-root-container\">\n<div class=\"wp-block-columns is-layout-flex wp-container-core-columns-is-layout-28f84493 wp-block-columns-is-layout-flex\">\n<div class=\"wp-block-column is-layout-flow wp-block-column-is-layout-flow\" style=\"flex-basis:66.66%\">\n<p class=\"has-text-align-center\"><strong>En primer lugar,  contarte un poco sobre m\u00ed y el espacio que quiero que compartamos.<\/strong><\/p>\n\n\n\n<p class=\"has-text-align-center\">En mi <strong>infancia<\/strong>, descubr\u00ed mi pasi\u00f3n por bailar, cantar, actuar y conducir.     A los 14 a\u00f1os decid\u00ed <strong>tomar acci\u00f3n<\/strong> y consegu\u00ed mi primer trabajo en la <strong>televisi\u00f3n Argentina<\/strong>.&nbsp;<\/p>\n\n\n\n<p class=\"has-text-align-center\">A lo largo de m\u00e1s de 3 d\u00e9cadas, he tenido el placer de ser conductora, protagonizar series, trabajar en cine, teatro, comerciales y gr\u00e1ficas.<\/p>\n\n\n\n<p class=\"has-text-align-center\">La<strong> maternidad <\/strong>marc\u00f3 un emocionante giro en mi vida, motiv\u00e1ndome a continuar mi formaci\u00f3n. <\/p>\n\n\n\n<p class=\"has-text-align-center\">Me gradu\u00e9 como <strong>Licenciada en Comunicaci\u00f3n<\/strong> y decid\u00ed emprender.&nbsp;<\/p>\n\n\n\n<p class=\"has-text-align-center\">Desde la creaci\u00f3n de <a href=\"http:\/\/www.valehacerlio.com\" data-type=\"link\" data-id=\"www.valehacerlio.com\">Vale hacer Lio<\/a> en 2013, inici\u00e9 un emocionante camino como <strong>directora<\/strong>, <strong>productora <\/strong>y <strong>escritora<\/strong> de <strong>producciones teatrales<\/strong> destinadas al p\u00fablico infantil.<\/p>\n\n\n\n<p class=\"has-text-align-center\">En Espa\u00f1a junto a la <strong>Asociaci\u00f3n Capa<\/strong>, ofrezco asesoramiento y colaboro en proyectos educativos y culturales.&nbsp;<\/p>\n\n\n\n<p class=\"has-text-align-center\">Actualmente, trabajo en diversos proyectos, tanto de forma remota como presencial, en <strong>Argentina<\/strong> y en <strong>Espa\u00f1a<\/strong>, y siempre estoy en busca de nuevas oportunidades para seguir creciendo y aprendiendo en este apasionante mundo del arte y la comunicaci\u00f3n.<\/p>\n<\/div>\n<\/div>\n<\/div>\n\n\n\n<div class=\"wp-block-uagb-image uagb-block-a3d33d65 wp-block-uagb-image--layout-default wp-block-uagb-image--effect-static wp-block-uagb-image--align-none\"><figure class=\"wp-block-uagb-image__figure\"><img decoding=\"async\" srcset=\"https:\/\/valeriabritos.com\/wp-content\/uploads\/2025\/02\/IMG-20250202-WA0024-765x1024.jpg ,https:\/\/valeriabritos.com\/wp-content\/uploads\/2025\/02\/IMG-20250202-WA0024.jpg 780w, https:\/\/valeriabritos.com\/wp-content\/uploads\/2025\/02\/IMG-20250202-WA0024.jpg 360w\" sizes=\"auto, (max-width: 480px) 150px\" src=\"https:\/\/valeriabritos.com\/wp-content\/uploads\/2025\/02\/IMG-20250202-WA0024-765x1024.jpg\" alt=\"\" class=\"uag-image-1608\" width=\"1080\" height=\"1445\" title=\"IMG-20250202-WA0024\" loading=\"lazy\" role=\"img\"\/><\/figure><\/div>\n","protected":false},"excerpt":{"rendered":"<p>En primer lugar, contarte un poco sobre m\u00ed y el espacio que quiero que compartamos. En mi infancia, descubr\u00ed mi pasi\u00f3n por bailar, cantar, actuar y conducir. A los 14 a\u00f1os decid\u00ed tomar acci\u00f3n y consegu\u00ed mi primer trabajo en la televisi\u00f3n Argentina.&nbsp; A lo largo de m\u00e1s de 3 d\u00e9cadas, he tenido el placer [&hellip;]<\/p>\n","protected":false},"author":1,"featured_media":0,"parent":0,"menu_order":0,"comment_status":"closed","ping_status":"closed","template":"","meta":{"_eb_attr":"","_uag_custom_page_level_css":"","site-sidebar-layout":"no-sidebar","site-content-layout":"page-builder","ast-site-content-layout":"full-width-container","site-content-style":"default","site-sidebar-style":"unboxed","ast-global-header-display":"","ast-banner-title-visibility":"","ast-main-header-display":"","ast-hfb-above-header-display":"","ast-hfb-below-header-display":"","ast-hfb-mobile-header-display":"","site-post-title":"disabled","ast-breadcrumbs-content":"","ast-featured-img":"disabled","footer-sml-layout":"","ast-disable-related-posts":"","theme-transparent-header-meta":"enabled","adv-header-id-meta":"","stick-header-meta":"","header-above-stick-meta":"","header-main-stick-meta":"","header-below-stick-meta":"","astra-migrate-meta-layouts":"set","ast-page-background-enabled":"default","ast-page-background-meta":{"desktop":{"background-color":"","background-image":"","background-repeat":"repeat","background-position":"center center","background-size":"auto","background-attachment":"scroll","background-type":"","background-media":"","overlay-type":"","overlay-color":"","overlay-opacity":"","overlay-gradient":""},"tablet":{"background-color":"","background-image":"","background-repeat":"repeat","background-position":"center center","background-size":"auto","background-attachment":"scroll","background-type":"","background-media":"","overlay-type":"","overlay-color":"","overlay-opacity":"","overlay-gradient":""},"mobile":{"background-color":"","background-image":"","background-repeat":"repeat","background-position":"center center","background-size":"auto","background-attachment":"scroll","background-type":"","background-media":"","overlay-type":"","overlay-color":"","overlay-opacity":"","overlay-gradient":""}},"ast-content-background-meta":{"desktop":{"background-color":"var(--ast-global-color-5)","background-image":"","background-repeat":"repeat","background-position":"center center","background-size":"auto","background-attachment":"scroll","background-type":"","background-media":"","overlay-type":"","overlay-color":"","overlay-opacity":"","overlay-gradient":""},"tablet":{"background-color":"var(--ast-global-color-5)","background-image":"","background-repeat":"repeat","background-position":"center center","background-size":"auto","background-attachment":"scroll","background-type":"","background-media":"","overlay-type":"","overlay-color":"","overlay-opacity":"","overlay-gradient":""},"mobile":{"background-color":"var(--ast-global-color-5)","background-image":"","background-repeat":"repeat","background-position":"center center","background-size":"auto","background-attachment":"scroll","background-type":"","background-media":"","overlay-type":"","overlay-color":"","overlay-opacity":"","overlay-gradient":""}},"footnotes":""},"class_list":["post-650","page","type-page","status-publish","hentry"],"uagb_featured_image_src":{"full":false,"thumbnail":false,"medium":false,"medium_large":false,"large":false,"1536x1536":false,"2048x2048":false},"uagb_author_info":{"display_name":"Vale","author_link":"https:\/\/valeriabritos.com\/?author=1"},"uagb_comment_info":0,"uagb_excerpt":"En primer lugar, contarte un poco sobre m\u00ed y el espacio que quiero que compartamos. En mi infancia, descubr\u00ed mi pasi\u00f3n por bailar, cantar, actuar y conducir. A los 14 a\u00f1os decid\u00ed tomar acci\u00f3n y consegu\u00ed mi primer trabajo en la televisi\u00f3n Argentina.&nbsp; A lo largo de m\u00e1s de 3 d\u00e9cadas, he tenido el placer&hellip;","_links":{"self":[{"href":"https:\/\/valeriabritos.com\/index.php?rest_route=\/wp\/v2\/pages\/650","targetHints":{"allow":["GET"]}}],"collection":[{"href":"https:\/\/valeriabritos.com\/index.php?rest_route=\/wp\/v2\/pages"}],"about":[{"href":"https:\/\/valeriabritos.com\/index.php?rest_route=\/wp\/v2\/types\/page"}],"author":[{"embeddable":true,"href":"https:\/\/valeriabritos.com\/index.php?rest_route=\/wp\/v2\/users\/1"}],"replies":[{"embeddable":true,"href":"https:\/\/valeriabritos.com\/index.php?rest_route=%2Fwp%2Fv2%2Fcomments&post=650"}],"version-history":[{"count":21,"href":"https:\/\/valeriabritos.com\/index.php?rest_route=\/wp\/v2\/pages\/650\/revisions"}],"predecessor-version":[{"id":1609,"href":"https:\/\/valeriabritos.com\/index.php?rest_route=\/wp\/v2\/pages\/650\/revisions\/1609"}],"wp:attachment":[{"href":"https:\/\/valeriabritos.com\/index.php?rest_route=%2Fwp%2Fv2%2Fmedia&parent=650"}],"curies":[{"name":"wp","href":"https:\/\/api.w.org\/{rel}","templated":true}]}}